c) = 21*c**3 - 9*c**2 - 8*c - 19. Let q(n) = -10*n**3 + 4*n**2 + 4*n + 9. Let x(y) = 13*q(y) + 6*s(y). What is the tens digit of x(-3)?
8
Suppose -2*c + 10 = 3*c. Suppose -9 = -c*d + 5. Let v(a) = a**3 - 7*a**2 + 10. What is the tens digit of v(d)?
1
Let m = -61 + 529. What is the tens digit of m?
6
Suppose 22 = 5*g - 8. What is the units digit of (2/g)/(4/(-6))*-6?
3
Suppose 8*s - 35 = s. Let c(q) = 9*q**2 - 9*q - 4. Let o(n) = 3*n**2 - 3*n - 1. Let j(l) = 3*c(l) - 8*o(l). What is the units digit of j(s)?
6
Suppose 3*n - 4*p = 25, 0*n + 11 = -3*n - 5*p. Suppose -n*q = q - 572. What is the tens digit of q?
4
Let v = 4106 - 2378. Suppose 8*i - 776 - v = 0. What is the units digit of i?
3
What is the tens digit of 3/(2/(-2464)*-8)?
6
Suppose 17*k + 8786 = 20*k - 5*m, -2*k = 5*m - 5874. What is the units digit of k?
2
Suppose -15 = -5*w - 2*h, 4*w + 5*h = -w + 15. Suppose 0 = w*t - 10 + 1. What is the units digit of t?
3
What is the hundreds digit of 45485/25 + 2/(-15)*3?
8
Let m be (2 - 42/15)*-5. Let x be -1*(m + -1) + 6. Suppose 0 = -5*c + 2*w + 107, -8 - 4 = -x*w. What is the tens digit of c?
2
Suppose -5*q + m + 150 = -53, 3*q - 119 = 2*m. Let c = q - 19. What is the units digit of c?
2
Suppose 0*d - 8 = -4*d. Suppose -d*t + 7*t + 10 = 0. What is the units digit of 6/3 - -14 - t?
8
Suppose 3*c - 2156 = 49. What is the hundreds digit of c?
7
Let n(m) = m**2 + 2*m + 16. What is the units digit of n(-14)?
4
What is the hundreds digit of (-2)/14 - (-3 + (-15184)/56)?
2
Let t = -44 + -8. Let m = 29 - t. What is the tens digit of m?
8
Let h(r) = 13 - 2 + 1 - 5 - 112*r. What is the units digit of h(-2)?
1
Suppose -764 = -4*x + 2*c, x + c - 188 = 3*c. Suppose -2*z - x = -6*z. Suppose 4*f = 4*n + 56, 2*f + 2*n = -n + z. What is the tens digit of f?
1
Suppose -7*g = -2*g + 10, 398 = -5*w + g. Let k = 103 + w. What is the units digit of k?
3
Let p(a) be the first derivative of -a**4/4 - a**3/3 + a**2/2 + 53*a + 14. Let m(w) = -w**2 + 4*w + 5. Let u be m(5). What is the units digit of p(u)?
3
Let y = -13 - -13. Suppose g = -4*g + 3*p + 1450, -4*g - 3*p + 1133 = y. What is the hundreds digit of g?
2
What is the thousands digit of 7 + ((-315)/(-140))/((-3)/(-4384))?
3
Suppose -4*q = -9*q. Suppose 0 = 2*d - 3*f - 186, q*d + f = 2*d - 194. What is the units digit of d?
9
Suppose 15331 = 14*r + 3417. What is the units digit of r?
1
Let i = 40 + -40. Suppose -6*y + 0*y + 42 = i. What is the units digit of y?
7
Suppose -169 - 5 = -3*q. Suppose 15 - q = -a. Let v = a - 30. What is the tens digit of v?
1
Let h(g) = 2*g**2 + 11*g + 4. Suppose -3*r - z = 19, -4*r - 3*z - z = 20. What is the units digit of h(r)?
5
Let q = 91 + -36. What is the tens digit of q?
5
Suppose 803*q = 820*q - 52241. What is the tens digit of q?
7
Let t be 0/((-4)/(-1) - 3). Let z be 3 - t/(0 - -1). Suppose 0 = 5*w - 5*j - 70, -2*w + 25 = 3*j - z. What is the tens digit of w?
1
Suppose -x + 5*x + 172 = 0. Let p be (9 + 315/(-28))/((-3)/(-88)). Let g = x - p. What is the tens digit of g?
2
Let c = 36 - 33. Suppose -t + c*t + 2*b - 112 = 0, -b - 62 = -t. What is the tens digit of t?
5
Let s(b) = -3*b + 1. Let j be s(-1). Suppose -145 - 19 = -j*w. Let q = 68 - w. What is the tens digit of q?
2
Suppose -4 = -0*j - 4*j. Let y be (-20)/(-3 - (j - 3)). Suppose 0 = -4*i - i + y, -q + 16 = -3*i. What is the units digit of q?
8
Let i be 2/4 - (-12)/24. Suppose 0 = -2*s - i + 7. What is the units digit of 74*((-5)/2 + s)?
7
Suppose 13*k - 9*k = 1784. What is the units digit of k?
6
Let b(y) = -81 - y**2 + 59*y + 32 - y**2. What is the units digit of b(25)?
6
Let d = 30 - 27. Suppose -d*u - u = -16. What is the tens digit of (-130)/u*(-20)/25?
2
Let a(q) = 2*q**2 - 5*q - 4. Let n be a(4). Let k(b) = 4 - 2*b + 4*b - 1. What is the tens digit of k(n)?
1
Suppose -t + 2*u = -3*u - 218, -2*u - 628 = -3*t. Suppose -9*n + 1216 - t = 0. What is the tens digit of n?
1
Let n(g) = -241*g - 150. What is the thousands digit of n(-16)?
3
Let n(o) = -11*o - 2. Let x be n(2). Let d = x + 28. Suppose -2*s = -d - 62. What is the tens digit of s?
3
Suppose -o - 2*j = -167, 10*o - 8*o - 339 = -3*j. What is the units digit of o?
7
Let u(x) = 2*x**2 - 5*x + 9. Let q be u(5). What is the hundreds digit of (((-3104)/(-6))/4)/(q/51)?
1
What is the hundreds digit of (-10)/((23/(-161))/((-24)/(-7)))?
2
Let x(o) = o**3 + 6*o**2 + 4*o - 2. Let k be x(-4). Suppose -4*q - 2*p + k = 0, 4*q + 2*p = -2*p + 12. What is the tens digit of (2 - q) + 3 - -41?
4
Suppose -3*c - 6 + 387 = 0. What is the hundreds digit of c?
1
Let a(l) = -l**3 - 15*l**2 + 14*l + 2. Let p be a(-16). Suppose 3*h - p = m + m, -4*h + m + 42 = 0. What is the tens digit of h?
1
Let r(x) = -x**3 + 3*x + 2. Let d be r(-3). Suppose 3*y - d = -2*y. Suppose n - 2*n + 45 = 3*w, -109 = -3*n + y*w. What is the units digit of n?
9
Let f = 84 + -80. Let y(q) = 29*q + 17. What is the tens digit of y(f)?
3
Suppose 5*r - 2*d = 3338, -d + 6*d + 2667 = 4*r. What is the units digit of r?
8
What is the tens digit of (-8)/((-48)/(-15))*606/(-5)?
0
Let w be 26/5 + (-5)/(-50)*-2. Suppose 0 = -w*y + 317 + 333. What is the units digit of y?
0
Suppose -4*f = -5*r + 332, -2*r + 256 = -3*f - 0*r. Let n = -35 - f. What is the tens digit of n?
5
What is the units digit of (15 - -20)/((-3)/(-30))?
0
Let j(n) = 20*n**2. Let c be j(1). Let b = 22 - c. What is the tens digit of (-22)/3*(-9)/b?
3
Let s(t) = 6*t + 1. Let u be s(4). Let m = u + -13. What is the tens digit of m?
1
Suppose y + 712 + 64 = l, 764 = l + 5*y. What is the hundreds digit of l?
7
Let n = 3 - 5. Let r be n/9 - (-236)/9. Suppose 3*h = -2*v + 5*v + 66, 0 = h - 5*v - r. What is the tens digit of h?
2
Let z(b) = -b**2 - 4*b + 8. Let g be z(-5). Suppose 0 = 4*u + 5*m - g, -2*u + 5*m + 56 = 17. What is the tens digit of ((-48)/7)/((-1)/u)?
4
Let r(k) = -10*k + 3. Let n be r(-10). Let x = n + 16. What is the units digit of x?
9
Suppose -2*p + 4 = 2*f, p - 5*f - 11 - 3 = 0. What is the tens digit of 1*(35 + -6 + p)?
3
Let u = -38 + 44. Suppose u*q = 7*q - 91. What is the units digit of q?
1
Suppose -2*d - 156 + 622 = -4*i, i + 231 = d. What is the hundreds digit of d?
2
Let k(c) = 4*c**3 - c**2 + 3*c + 11. What is the units digit of k(6)?
7
What is the units digit of (-3 + (-356)/(-12))/((-30)/(-540))?
0
Suppose p + 5*t = -156, -5*p - 3*t = -82 + 796. Let d = p + 262. What is the hundreds digit of d?
1
Let v = -20 - -78. Suppose 3*i - 430 = -v. What is the hundreds digit of i?
1
Let w = -9 - -8. Let c be 5 - (w + -2 + 3). Suppose -2*o + 2*k + 8 + 38 = 0, 0 = -c*o - 5*k + 165. What is the tens digit of o?
2
Let q(s) = -2*s**3 + 5*s**2 - 2*s + 1. Let h be q(3). Let a = -12 - h. Suppose n - 39 = 2*j + a*j, -2*n - j = -60. What is the units digit of n?
1
Suppose 31 = -5*h + 1. Let n = 10 - h. What is the tens digit of n?
1
Suppose 5*m = 7*m - 10. Suppose -m*v + 2*n + 186 = 0, -3*v + 5*n = 2*n - 117. What is the units digit of v?
6
Suppose -2*a - 3*m = -32, 7*m = a + 8*m - 15. What is the tens digit of a?
1
Suppose -5*x = -3*c - 6807, -4*x = -5*c + c - 5452. What is the hundreds digit of x?
3
Suppose -30*u = -25*u - 1575. What is the tens digit of u?
1
What is the thousands digit of 6 - 0 - -1924 - (-1 - -3)?
1
Let h be (-51)/(-17) - (0 + -453). Let g = h + -262. What is the hundreds digit of g?
1
Let b = 7135 - 4978. What is the tens digit of b?
5
Let v(z) = 8*z**2 + 6*z + 4. Let w be v(-4). Suppose w = 2*b - 12. What is the tens digit of b?
6
Let c(g) = g**3 + 6*g**2 - 7*g + 2. Suppose 2*q - 2*d = 12, -q = -4*q - 3*d. Suppose -4*s - q = 25. What is the units digit of c(s)?
2
Suppose 14 = 2*x - 4*x - 4*f, -5*x - 56 = 3*f. Let d(s) be the first derivative of s**4/4 + 13*s**3/3 - 5*s**2/2 - 19*s + 213. What is the tens digit of d(x)?
4
Suppose 365 = -p + o + 983, 0 = -5*o - 25. Suppose -4*v + 455 = -p. What is the units digit of v?
7
Let v(f) = f**2 - 11*f + 13. Let o be v(9). Let d = o + 16. Suppose 12*r - d*r - 18 = 0. What is the tens digit of r?
1
Let s(k) = 3*k + 169. Let l(p) = -p**2 + 6*p - 8. Let w be l(2). What is the hundreds digit of s(w)?
1
What is the hundreds digit of (-3)/(-24)*10*40*3?
1
Suppose x = 9*x - 1616. Let c = 421 - x. What is the units digit of c?
9
Let r = 10 + 5. Let n(a) = a**3 - 15*a**2 - a + 15. Let b be